r when 429 is divided by 51?
21
Calculate the remainder when 189 is divided by 95.
94
What is the remainder when 5438 is divided by 20?
18
What is the remainder when 57 is divided by 21?
15
What is the remainder when 1239 is divided by 1239?
0
Calculate the remainder when 453 is divided by 116.
105
Calculate the remainder when 127 is divided by 19.
13
Calculate the remainder when 139 is divided by 121.
18
Calculate the remainder when 51 is divided by 15.
6
What is the remainder when 352 is divided by 59?
57
What is the remainder when 159 is divided by 62?
35
Calculate the remainder when 117 is divided by 12.
9
Calculate the remainder when 250 is divided by 154.
96
What is the remainder when 1699 is divided by 155?
149
Calculate the remainder when 1411 is divided by 466.
13
What is the remainder when 846 is divided by 146?
116
What is the remainder when 6990 is divided by 16?
14
What is the remainder when 455 is divided by 38?
37
What is the remainder when 31 is divided by 8?
7
Calculate the remainder when 2844 is divided by 89.
85
Calculate the remainder when 141 is divided by 41.
18
What is the remainder when 2393 is divided by 114?
113
What is the remainder when 344 is divided by 69?
68
Calculate the remainder when 150 is divided by 33.
18
Calculate the remainder when 2361 is divided by 265.
241
Calculate the remainder when 1962 is divided by 82.
76
What is the remainder when 67 is divided by 34?
33
Calculate the remainder when 3387 is divided by 154.
153
What is the remainder when 1125 is divided by 23?
21
Calculate the remainder when 58018 is divided by 20.
18
What is the remainder when 1024 is divided by 114?
112
What is the remainder when 2182 is divided by 8?
6
What is the remainder when 139 is divided by 19?
6
Calculate the remainder when 430 is divided by 220.
210
Calculate the remainder when 71 is divided by 39.
32
What is the remainder when 1751 is divided by 347?
16
Calculate the remainder when 1557 is divided by 24.
21
Calculate the remainder when 176 is divided by 36.
32
Calculate the remainder when 5667 is divided by 53.
49
What is the remainder when 543 is divided by 4?
3
Calculate the remainder when 45 is divided by 7.
3
Calculate the remainder when 388 is divided by 178.
32
What is the remainder when 475 is divided by 418?
57
Calculate the remainder when 594 is divided by 4.
2
Calculate the remainder when 1776 is divided by 51.
42
What is the remainder when 77 is divided by 53?
24
What is the remainder when 4839 is divided by 55?
54
Calculate the remainder when 8 is divided by 4.
0
Calculate the remainder when 102 is divided by 37.
28
Calculate the remainder when 12 is divided by 3.
0
What is the remainder when 447 is divided by 64?
63
What is the remainder when 196 is divided by 115?
81
What is the remainder when 121 is divided by 63?
58
What is the remainder when 590 is divided by 8?
6
Calculate the remainder when 1010 is divided by 252.
2
Calculate the remainder when 1529 is divided by 219.
215
What is the remainder when 97 is divided by 12?
1
What is the remainder when 339 is divided by 19?
16
What is the remainder when 35 is divided by 3?
2
What is the remainder when 5699 is divided by 25?
24
Calculate the remainder when 8 is divided by 2.
0
Calculate the remainder when 63 is divided by 33.
30
Calculate the remainder when 829 is divided by 17.
13
What is the remainder when 99 is divided by 57?
42
Calculate the remainder when 362 is divided by 52.
50
Calculate the remainder when 398 is divided by 136.
126
What is the remainder when 633 is divided by 619?
14
What is the remainder when 77 is divided by 20?
17
What is the remainder when 108 is divided by 12?
0
What is the remainder when 2662 is divided by 32?
6
What is the remainder when 3391 is divided by 188?
7
What is the remainder when 153 is divided by 13?
10
Calculate the remainder when 704 is divided by 276.
152
What is the remainder when 9713 is divided by 14?
11
What is the remainder when 125 is divided by 46?
33
What is the remainder when 122 is divided by 41?
40
Calculate the remainder when 54 is divided by 16.
6
Calculate the remainder when 3218 is divided by 103.
25
Calculate the remainder when 153 is divided by 20.
13
What is the remainder when 358 is divided by 113?
19
What is the remainder when 10745 is divided by 6?
5
What is the remainder when 814 is divided by 163?
162
Calculate the remainder when 2020 is divided by 43.
42
Calculate the remainder when 38 is divided by 1.
0
Calculate the remainder when 54 is divided by 8.
6
Calculate the remainder when 1315 is divided by 60.
55
What is the remainder when 321 is divided by 83?
72
What is the remainder when 7010 is divided by 3?
2
Calculate the remainder when 313 is divided by 64.
57
Calculate the remainder when 103 is divided by 70.
33
Calculate the remainder when 27 is divided by 5.
2
What is the remainder when 248 is divided by 63?
59
What is the remainder when 1886 is divided by 4?
2
What is the remainder when 609 is divided by 47?
45
Calculate the remainder when 108 is divided by 31.
15
Calculate the remainder when 194 is divided by 31.
8
Calculate the remainder when 1917 is divided by 107.
98
What is the remainder when 888 is divided by 154?
118
What is the remainder when 383 is divided by 77?
75
What is the remainder when 44 is divided by 38?
6
Calculate the remainder when 13675 is divided by 263.
262
Calculate the remainder when 240 is divided by 234.
6
What is the remainder when 891 is divided by 232?
195
What is the remainder when 83 is divided by 46?
37
What is the remainder when 494 is divided by 55?
54
What is the remainder when 6773 is divided by 154?
151
Calculate the remainder when 125 is divided by 6.
5
Calculate the remainder when 197 is divided by 49.
1
What is the remainder when 203 is divided by 15?
8
What is the remainder when 201 is divided by 55?
36
Calculate the remainder when 240 is divided by 11.
9
Calculate the remainder when 233 is divided by 88.
57
Calculate the remainder when 4115 is divided by 685.
5
Calculate the remainder when 1200 is divided by 43.
39
Calculate the remainder when 2699 is divided by 18.
17
Calculate the remainder when 5853 is divided by 48.
45
Calculate the remainder when 1211 is divided by 574.
63
What is the remainder when 732 is divided by 65?
17
What is the remainder when 99 is divided by 29?
12
Calculate the remainder when 8877 is divided by 37.
34
Calculate the remainder when 7659 is divided by 97.
93
Calculate the remainder when 20 is divided by 8.
4
Calculate the remainder when 20 is divided by 9.
2
What is the remainder when 1812 is divided by 897?
18
Calculate the remainder when 1360 is divided by 29.
26
Calculate the remainder when 67 is divided by 37.
30
Calculate the remainder when 408 is divided by 52.
44
Calculate the remainder when 1608 is divided by 14.
12
Calculate the remainder when 321 is divided by 12.
9
What is the remainder when 2374 is divided by 263?
7
What is the remainder when 53 is divided by 15?
8
What is the remainder when 1194 is divided by 63?
60
What is the remainder when 596 is divided by 13?
11
Calculate the remainder when 851 is divided by 266.
53
Calculate the remainder when 152 is divided by 77.
75
Calculate the remainder when 995 is divided by 6.
5
Calculate the remainder when 322 is divided by 103.
13
What is the remainder when 303 is divided by 38?
37
Calculate the remainder when 63853 is divided by 16.
13
Calculate the remainder when 2501 is divided by 26.
5
Calculate the remainder when 18098 is divided by 20.
18
What is the remainder when 239 is divided by 60?
59
Calculate the remainder when 1771 is divided by 450.
421
What is the remainder when 2694 is divided by 28?
6
Calculate the remainder when 1328 is divided by 35.
33
Calculate the remainder when 304 is divided by 144.
16
Calculate the remainder when 284 is divided by 17.
12
What is the remainder when 21 is divided by 15?
6
Calculate the remainder when 10536 is divided by 20.
16
What is the remainder when 495 is divided by 54?
9
What is the remainder when 575 is divided by 11?
3
Calculate the remainder when 2681 is divided by 44.
41
Calculate the remainder when 401 is divided by 394.
7
Calculate the remainder when 105 is divided by 29.
18
Calculate the rem